{"id":108,"date":"2024-02-15T23:13:25","date_gmt":"2024-02-15T22:13:25","guid":{"rendered":"https:\/\/hyunjoochoi.fr\/?page_id=108"},"modified":"2024-02-16T13:22:40","modified_gmt":"2024-02-16T12:22:40","slug":"le-cube-permeable","status":"publish","type":"page","link":"https:\/\/hyunjoochoi.fr\/?page_id=108","title":{"rendered":"Le cube perm\u00e9able"},"content":{"rendered":"\n<p><a href=\"https:\/\/hyunjoochoi.fr\/?page_id=102\" data-type=\"page\" data-id=\"102\">Retour vers la page \u00ab\u00a0Articles\u00a0\u00bb<\/a><\/p>\n\n\n\n<div style=\"height:10px\" aria-hidden=\"true\" class=\"wp-block-spacer\"><\/div>\n\n\n\n<h2 class=\"wp-block-heading\">Le cube perm\u00e9able<\/h2>\n\n\n\n<figure class=\"wp-block-image size-large\"><img loading=\"lazy\" decoding=\"async\" width=\"1024\" height=\"683\" src=\"https:\/\/hyunjoochoi.fr\/wp-content\/uploads\/2024\/02\/5M3_0060-modif-1024x683.jpg\" alt=\"\" class=\"wp-image-122\" srcset=\"https:\/\/hyunjoochoi.fr\/wp-content\/uploads\/2024\/02\/5M3_0060-modif-1024x683.jpg 1024w, https:\/\/hyunjoochoi.fr\/wp-content\/uploads\/2024\/02\/5M3_0060-modif-300x200.jpg 300w, https:\/\/hyunjoochoi.fr\/wp-content\/uploads\/2024\/02\/5M3_0060-modif-768x512.jpg 768w, https:\/\/hyunjoochoi.fr\/wp-content\/uploads\/2024\/02\/5M3_0060-modif-1536x1024.jpg 1536w, https:\/\/hyunjoochoi.fr\/wp-content\/uploads\/2024\/02\/5M3_0060-modif-2048x1366.jpg 2048w\" sizes=\"auto, (max-width: 1024px) 100vw, 1024px\" \/><\/figure>\n\n\n\n<div class=\"wp-block-columns is-layout-flex wp-container-core-columns-is-layout-28f84493 wp-block-columns-is-layout-flex\">\n<div class=\"wp-block-column is-layout-flow wp-block-column-is-layout-flow\">\n<div style=\"height:10px\" aria-hidden=\"true\" class=\"wp-block-spacer\"><\/div>\n<\/div>\n<\/div>\n\n\n\n<div class=\"wp-block-columns is-layout-flex wp-container-core-columns-is-layout-28f84493 wp-block-columns-is-layout-flex\">\n<div class=\"wp-block-column is-layout-flow wp-block-column-is-layout-flow\">\n<p>Sur les murs blancs de l&rsquo;atelier ses \u0153uvres sur papier s&rsquo;alignent \u00e0 la hauteur du regard comme une frise abstraite et reposante. Par ci par l\u00e0 des cubes pris dans des filets quadrill\u00e9s rose, bleu ou gris flottent. Le papier calque brouille l\u00e9g\u00e8rement I\u2019image et la figure du cube appara\u00eet en trois dimensions comme un ast\u00e9ro\u00efde dans l&rsquo;espace. Oppos\u00e9 \u00e0 la sph\u00e8re qui donne le vertige, la figure du cube renvoi \u00e0 la terre, \u00e0 la stabilit\u00e9. Au XX\u00e8me si\u00e8cle les artistes s&rsquo;int\u00e9ressant \u00e0 cette forme g\u00e9om\u00e9trique l&rsquo;ont hauss\u00e9e au titre d&rsquo;\u0153uvre d&rsquo;art \u00e0 part enti\u00e8re. Le \u00ab Dee\u00bb (1963) opaque de Tony Smith, le cube p\u00e9n\u00e9trable de J.R. Soto (1967), la sculpture musicale tactile de Jean-Robert Sedano et Solveig de Ory (1999).<\/p>\n\n\n\n<p>Du minimalisme au baroque, du baroque au dispositif ludique, Le cube semble transmuable. Con\u00e7u en treillis m\u00e9tallique par Edoardo Tresoldi, le cube pose les fondations de ses \u0153uvres monumentales d\u00e9di\u00e9es \u00e0 la m\u00e9moire comme la reconstitution de la partie d\u00e9truite de la basilique Santa Maria de Siponto dans le Sud de l&rsquo;Italie en 2016.<\/p>\n\n\n\n<p><strong>Passer \u00e0 travers<\/strong><\/p>\n\n\n\n<p>\u00ab Le cube est un monde. Sa solidit\u00e9 et sa stabilit\u00e9 me rassure \u00bb dit Choi Hyun Joo : Tout comme l&rsquo;artiste italien, elle envisage le cube \u00e0 partir de sa perm\u00e9abilit\u00e9. Le grillage m\u00e9tallique dont il est constitu\u00e9 lui conf\u00e8re une transparence fascinante : \u00ab Le regard passe \u00e0 travers, la forme respire en se m\u00e9tamorphosant. \u00bb En les multipliant, elle en fait une galaxie. \u00ab Le cube dans le cube, est un monde dans le monde. \u00bb<\/p>\n\n\n\n<p>Dans son installation, le jeu du treillis m\u00e9tallique argent\u00e9 ouvre des perspectives<br>nouvelles. La lumi\u00e8re lui offre la motilit\u00e9 subtile d&rsquo;un mobile. Il suffit de bouger la t\u00eate ou bien de lui tourner autour pour que l&rsquo;\u0153il d\u00e9couvre la po\u00e9sie optique des possibles. Dans l&rsquo;\u00e9paisseur de ce mat\u00e9riau trou\u00e9 superposant d\u00e9licatement cubes et rectangles l&rsquo;\u0153il descelle d&rsquo;autres g\u00e9om\u00e9tries spatiales amovibles, comme dans un kal\u00e9idoscope. C\u2019est ainsi que l&rsquo;accumulation prend son ampleur sans pour autant perdre son langage minimaliste.<\/p>\n\n\n\n<p>Par la l\u00e9g\u00e8ret\u00e9 des grilles dans l&rsquo;accumulation de cubes, des cubes dans les cubes, la perception perd ses rep\u00e8res. L&rsquo;artiste d\u00e9pose par endroits des miroirs augmentant les perspectives. Soudainement notre visage est surpris dans cet enchev\u00eatrement d&rsquo;espaces comme si, par une amn\u00e9sie d&rsquo;une fraction de seconde, il s&rsquo;agissait du visage d&rsquo;un inconnu.<\/p>\n\n\n\n<p><br><strong>Apparition, disparition, m\u00e9moire<\/strong><\/p>\n\n\n\n<p>Dans son \u0153uvre sur papier la th\u00e9matique de la m\u00e9moire est dite clairement \u00e0 travers la disparition du cube entre les ic\u00f4nes carr\u00e9es, tel un essaim d&rsquo;abeilles disparaissant en vol. Son installation aborde cette m\u00eame th\u00e9matique \u00e0 travers une dimension architecturale. L&rsquo;artiste sugg\u00e8re l&rsquo;\u00e9difice de la m\u00e9moire par son c\u00f4t\u00e9 fantomatique, transformable, perm\u00e9able.<\/p>\n\n\n\n<p>Telle une pluie fine tamisant le paysage, le souvenir de l&rsquo;image ainsi occult\u00e9e est semblable au pass\u00e9 filtr\u00e9 par le crible de la m\u00e9moire.<\/p>\n\n\n\n<p>Tout est ici \u00e9quilibre, d\u00e9licatesse et qui\u00e9tude. Les d\u00e9formations, les ombres port\u00e9es d\u00e9veloppent une \u00e9trange r\u00eaverie comme si le pass\u00e9 respirait encore dans le pr\u00e9sent en laissant sa trace al\u00e9atoire \u00e0 travers les pores du visible. Ce qui me touche c&rsquo;est que dans cette \u0153uvre, tout se passe en une fraction de seconde.<\/p>\n\n\n\n<p>Ileana Cornea, Paris, d\u00e9cembre 2017.<\/p>\n\n\n\n<div style=\"height:10px\" aria-hidden=\"true\" class=\"wp-block-spacer\"><\/div>\n<\/div>\n<\/div>\n\n\n\n<p><a href=\"https:\/\/hyunjoochoi.fr\/?page_id=102\" data-type=\"page\" data-id=\"102\"><em>Retour vers la page \u00ab\u00a0Articles\u00a0\u00bb<\/em><\/a><\/p>\n","protected":false},"excerpt":{"rendered":"<p>Retour vers la page \u00ab\u00a0Articles\u00a0\u00bb Le cube perm\u00e9able Sur les murs blancs de l&rsquo;atelier ses \u0153uvres sur papier s&rsquo;alignent \u00e0 la hauteur du regard comme une frise abstraite et reposante. Par ci par l\u00e0 des cubes pris dans des filets quadrill\u00e9s rose, bleu ou gris flottent. Le papier calque brouille l\u00e9g\u00e8rement I\u2019image et la figure [&hellip;]<\/p>\n","protected":false},"author":1,"featured_media":0,"parent":102,"menu_order":0,"comment_status":"closed","ping_status":"closed","template":"","meta":{"footnotes":""},"class_list":["post-108","page","type-page","status-publish","hentry"],"_links":{"self":[{"href":"https:\/\/hyunjoochoi.fr\/index.php?rest_route=\/wp\/v2\/pages\/108","targetHints":{"allow":["GET"]}}],"collection":[{"href":"https:\/\/hyunjoochoi.fr\/index.php?rest_route=\/wp\/v2\/pages"}],"about":[{"href":"https:\/\/hyunjoochoi.fr\/index.php?rest_route=\/wp\/v2\/types\/page"}],"author":[{"embeddable":true,"href":"https:\/\/hyunjoochoi.fr\/index.php?rest_route=\/wp\/v2\/users\/1"}],"replies":[{"embeddable":true,"href":"https:\/\/hyunjoochoi.fr\/index.php?rest_route=%2Fwp%2Fv2%2Fcomments&post=108"}],"version-history":[{"count":8,"href":"https:\/\/hyunjoochoi.fr\/index.php?rest_route=\/wp\/v2\/pages\/108\/revisions"}],"predecessor-version":[{"id":190,"href":"https:\/\/hyunjoochoi.fr\/index.php?rest_route=\/wp\/v2\/pages\/108\/revisions\/190"}],"up":[{"embeddable":true,"href":"https:\/\/hyunjoochoi.fr\/index.php?rest_route=\/wp\/v2\/pages\/102"}],"wp:attachment":[{"href":"https:\/\/hyunjoochoi.fr\/index.php?rest_route=%2Fwp%2Fv2%2Fmedia&parent=108"}],"curies":[{"name":"wp","href":"https:\/\/api.w.org\/{rel}","templated":true}]}}